onvert 1021021121 (base 3) to base 9.
37247
Convert -4470 (base 11) to base 2.
-1011011111101
-112 (base 5) to base 16
-20
-26948 (base 11) to base 2
-1001011000001001
Convert -1283 (base 16) to base 12.
-28ab
What is 15015 (base 9) in base 14?
3a20
What is -48474 (base 9) in base 11?
-22436
33331 (base 7) to base 4
2003101
Convert 10101221 (base 3) to base 12.
152a
42576 (base 8) to base 6
214210
What is -20222110 (base 3) in base 6?
-35320
-20121333 (base 4) to base 13
-12897
Convert 21203103 (base 4) to base 12.
1a783
What is 4a0 (base 15) in base 7?
3030
-146 (base 12) to base 2
-11000110
198 (base 14) to base 16
14a
1100011010000 (base 2) to base 5
200402
-101203 (base 4) to base 10
-1123
What is 407c (base 14) in base 10?
11086
What is -213235 (base 6) in base 14?
-65a7
What is 1001101111000 (base 2) in base 13?
2365
What is 111000010001 (base 2) in base 5?
103401
2023203 (base 4) to base 11
678a
What is 56a0 (base 12) in base 5?
301444
-243 (base 8) to base 5
-1123
-1a2e (base 15) to base 5
-140134
9499 (base 16) to base 5
2204131
9b0 (base 12) to base 6
10340
Convert -32 (base 10) to base 9.
-35
-3536 (base 8) to base 7
-5333
-40c (base 15) to base 6
-4120
343 (base 9) to base 6
1150
Convert 1452 (base 13) to base 8.
5574
What is 22034 (base 5) in base 2?
10111101111
Convert 10030 (base 6) to base 15.
5c9
-8751 (base 16) to base 15
-a3e6
What is 32320 (base 7) in base 8?
17562
What is 2cd (base 15) in base 3?
212211
What is -6371 (base 8) in base 13?
-1686
Convert 211b (base 14) to base 13.
27a2
Convert 14927 (base 11) to base 6.
241335
Convert 35436 (base 7) to base 12.
5359
What is -10121200 (base 3) in base 6?
-20113
What is -60d3 (base 15) in base 10?
-20448
What is 33241 (base 9) in base 15?
6814
What is -215144 (base 6) in base 10?
-17992
-35b (base 12) to base 3
-200122
-103 (base 15) to base 12
-170
67146 (base 8) to base 16
6e66
What is -a89 (base 13) in base 5?
-24203
Convert 11202121 (base 3) to base 10.
3472
-1334 (base 5) to base 9
-263
What is -6963 (base 10) in base 9?
-10486
What is 36672 (base 9) in base 10?
24608
Convert -4413 (base 8) to base 2.
-100100001011
What is -424 (base 5) in base 12?
-96
What is -264 (base 14) in base 10?
-480
-db1 (base 16) to base 8
-6661
-5d (base 15) to base 7
-154
-158 (base 16) to base 12
-248
What is -25116 (base 7) in base 10?
-6579
What is -8ee (base 16) in base 7?
-6444
-1a3 (base 15) to base 13
-231
What is 244d (base 16) in base 15?
2b48
Convert -455500 (base 7) to base 10.
-81193
What is 28893 (base 11) in base 3?
2002020112
What is 2223022 (base 5) in base 15?
b8e2
Convert 10022221 (base 3) to base 9.
3287
43222 (base 7) to base 4
2213323
24473 (base 8) to base 10
10555
What is -3151 (base 15) in base 6?
-120134
Convert -1143 (base 7) to base 6.
-1543
111020 (base 3) to base 9
436
Convert 3312 (base 11) to base 16.
1111
What is -110010 (base 3) in base 8?
-507
Convert -61b5 (base 12) to base 13.
-4b02
What is -1121 (base 10) in base 14?
-5a1
c68 (base 14) to base 8
4614
What is 9c5 (base 13) in base 10?
1682
Convert -21303 (base 10) to base 7.
-116052
Convert 30353 (base 6) to base 8.
7675
7e6 (base 15) to base 12
1053
Convert 11131 (base 5) to base 14.
407
-1663 (base 10) to base 14
-86b
Convert 383 (base 14) to base 6.
3131
Convert 23550 (base 8) to base 13.
4790
-17056 (base 13) to base 9
-66331
-271 (base 12) to base 6
-1421
Convert -2a64 (base 11) to base 8.
-7546
What is 754 (base 8) in base 5?
3432
What is 2358 (base 13) in base 12?
2a66
328 (base 14) to base 3
212010
What is 51c (base 14) in base 8?
1756
Convert 2a9 (base 15) to base 16.
261
Convert -40314 (base 6) to base 3.
-21021101
333 (base 15) to base 10
723
Convert 21002 (base 3) to base 12.
13b
What is -1010000000 (base 2) in base 3?
-212201
What is 41101 (base 5) in base 4?
221123
What is 22111112 (base 3) in base 15?
1c82
-21110210 (base 3) to base 6
-41120
What is 134 (base 10) in base 9?
158
6533 (base 7) to base 9
3165
What is -100110000100111 (base 2) in base 13?
-8b48
Convert -16c (base 15) to base 4.
-11013
-573 (base 14) to base 4
-100321
What is 3439 (base 12) in base 14?
2189
Convert -13b (base 12) to base 13.
-119
-1b39 (base 13) to base 14
-16d2
Convert -100011111 (base 2) to base 4.
-10133
-31b4 (base 14) to base 10
-8586
What is 22555 (base 11) in base 10?
32609
Convert -97 (base 16) to base 9.
-177
-38b (base 14) to base 13
-429
Convert -13013 (base 5) to base 10.
-1008
-5211 (base 6) to base 13
-6b2
Convert 3d9e (base 15) to base 4.
3032033
What is 221110011 (base 3) in base 14?
6a93
What is 11101 (base 4) in base 6?
1321
What is -132312 (base 4) in base 6?
-13050
Convert -3176 (base 8) to base 14.
-86a
-520 (base 11) to base 7
-1554
What is -11642 (base 10) in base 5?
-333032
Convert a00 (base 14) to base 4.
132220
What is aa2 (base 12) in base 6?
11122
Convert 14a2 (base 13) to base 16.
bbd
What is 401 (base 7) in base 2?
11000101
What is 1a28 (base 14) in base 5?
122430
2042 (base 8) to base 16
422
Convert c (base 14) to base 5.
22
-98 (base 12) to base 6
-312
What is -339 (base 11) in base 9?
-500
163 (base 7) to base 5
334
What is 7ef (base 16) in base 11?
1587
-1387 (base 9) to base 15
-4a1
1001101010 (base 2) to base 10
618
21266 (base 7) to base 5
132131
Convert -1011101101101 (base 2) to base 6.
-43433
What is 56314 (base 8) in base 5?
1230011
-1022101 (base 4) to base 8
-11221
What is 583 (base 12) in base 13?
4b0
-58202 (base 11) to base 7
-500116
What is -4a6 (base 14) in base 5?
-12210
What is -202100 (base 4) in base 15?
-9b2
What is 231 (base 12) in base 6?
1301
What is -14685 (base 12) in base 8?
-67705
What is -3005 (base 14) in base 6?
-102045
Convert -11352 (base 6) to base 5.
-23102
What is 110000111110101 (base 2) in base 16?
61f5
531 (base 16) to base 4
110301
Convert 1331 (base 7) to base 6.
2212
Convert 1443 (base 12) to base 3.
10020020
-21013122 (base 4) to base 14
-d870
Convert -1033454 (base 6) to base 2.
-1100100010101010
Convert 9928 (base 11) to base 5.
404343
2210 (base 5) to base 10
305
612 (base 9) to base 11
412
-650 (base 8) to base 13
-268
What is 101100011 (base 2) in base 4?
11203
What is 14824 (base 12) in base 4?
13002130
Convert 100022 (base 4) to base 9.
1368
What is -100202012 (base 3) in base 13?
-3308
Convert 68 (base 10) to base 2.
1000100
What is -565 (base 15) in base 6?
-5352
What is -51325 (base 8) in base 3?
-1002002101
What is -1c10 (base 14) in base 9?
-7007
Convert -30310 (base 4) to base 16.
-334
Convert 7513 (base 12) to base 16.
321f
69c (base 16) to base 2
11010011100
What is 1011010110010 (base 2) in base 11?
4402
60a (base 11) to base 13
448
Convert 131020 (base 4) to base 15.
844
Convert -22402 (base 5) to base 15.
-71c
What is -103302 (base 4) in base 14?
-666
Convert -2260 (base 7) to base 16.
-33a
What is -221 (base 12) in base 8?
-471
Convert 11450 (base 7) to base 6.
21435
What is -598 (base 11) in base 9?
-871
What is 10011110111 (base 2) in base 10?
1271
351 (base 12) to base 9
607
Convert 108 (base 16) to base 6.
1120
-101020020 (base 3) to base 16
-1d22
-11111011011 (base 2) to base 6
-13151
What is -5114 (base 7) in base 14?
-90b
Convert -575 (base 12) to base 4.
-30221
Convert -12001122 (base 3) to base 14.
-14b7
Convert -1439 (base 10) to base 11.
-1099
What is 114143 (base 7) in base 11?
14582
Convert 3096 (base 11) to base 4.
1000002
Convert 555 (base 11) to base 9.
818
Convert 7107 (base 15) to base 10.
23857
Convert 13002 (base 6) to base 3.
2200002
What is -1307 (base 11) in base 5?
-23301
Convert -4305 (base 6) to base 7.
-2564
What is -1 (base 10) in base 9?
-1
Convert 3124402 (base 5) to base 3.
2122010110
Convert 7247 (base 9) to base 13.
2554
-42a (base 14) to base 11
-688
What is -1a50 (base 13) in base 7?
-14344
Convert -9dc (base 15) to base 12.
-1360
Convert 474 (base 10) to base 13.
2a6
What is -1db (base 15) in base 7?
-1154
Convert -1c11 (base 14) to base 12.
-2b5b
What is -49a5 (base 12) in base 5?
-231313
Convert 1001001101001101 (base 2) to base 7.
214640
What is -101110010 (base 2) in base 10?
-370
-276 (base 8) to base 4
-2332
Convert 1111111 (base 2) to base 6.
331
-1523 (base 7) to base 5
-4410
What is -2302122 (base 5) in base 13?
-15811
Convert 351 (base 6) to base 13.
a9
Convert -10110110000